s 1028114677 composite?
True
Is 1745520391 prime?
False
Is 6989010727 prime?
True
Is 136181431 a prime number?
False
Is 3374396297 a composite number?
True
Is 3277038211 composite?
False
Is 387696353 a prime number?
False
Is 21242500991 prime?
True
Is 5700641159 a composite number?
True
Is 17866760411 prime?
False
Is 70971442667 prime?
True
Is 621405563 prime?
True
Is 2174669981 a prime number?
False
Is 2243054023 prime?
False
Is 25390950539 a composite number?
False
Is 7293052433 a composite number?
True
Is 1564329971 composite?
False
Is 3183619411 a composite number?
True
Is 1198950737 a prime number?
False
Is 190437601 a composite number?
False
Is 4446129991 a composite number?
True
Is 4483601039 prime?
False
Is 5388888611 a composite number?
False
Is 524670163 prime?
False
Is 1936192357 composite?
True
Is 1396864717 composite?
False
Is 1333270999 a prime number?
True
Is 95221883 composite?
True
Is 1439428153 a prime number?
False
Is 586122949 composite?
False
Is 6799247383 composite?
False
Is 17588181601 a prime number?
False
Is 44562539939 prime?
True
Is 3188349397 a composite number?
True
Is 814670137 a composite number?
False
Is 4427777971 a prime number?
False
Is 2699414129 prime?
False
Is 4903162807 prime?
False
Is 83654903 a prime number?
True
Is 679492673 a composite number?
True
Is 60934684373 prime?
True
Is 3089812897 prime?
True
Is 914568599 composite?
True
Is 32518084141 composite?
False
Is 578737079777 prime?
True
Is 4069795027 a prime number?
False
Is 492364295 composite?
True
Is 26919663 a composite number?
True
Is 82440991 a composite number?
False
Is 30702175277 a prime number?
False
Is 1610996791 prime?
False
Is 285035599 prime?
True
Is 3707329673 composite?
True
Is 2010230617 composite?
True
Is 7401493361 a prime number?
False
Is 38496360395 composite?
True
Is 1809788947 a prime number?
True
Is 948145577 prime?
False
Is 2046746761 composite?
False
Is 607221739 composite?
False
Is 338771089 prime?
False
Is 6793955845 a prime number?
False
Is 935243611 prime?
False
Is 1320713841 prime?
False
Is 822335243 composite?
False
Is 120035477 a prime number?
True
Is 4061959786 a composite number?
True
Is 13111658003 a prime number?
True
Is 805007221 composite?
False
Is 461093599 composite?
False
Is 30855339181 a composite number?
False
Is 142310387951 a composite number?
False
Is 650142793 composite?
True
Is 3454029851 prime?
False
Is 8436962783 prime?
False
Is 164872979 prime?
False
Is 789710347 composite?
False
Is 758653949 a prime number?
False
Is 54185017883 a composite number?
True
Is 111529406437 a composite number?
True
Is 4415306977 a prime number?
False
Is 1650703387 composite?
False
Is 32989267859 a prime number?
False
Is 51195591479 a composite number?
False
Is 104010692681 a prime number?
False
Is 58754510701 a composite number?
False
Is 151303147 composite?
False
Is 8072179879 composite?
True
Is 1750057967 prime?
False
Is 109307683 composite?
False
Is 134523878639 a composite number?
True
Is 967889267 a composite number?
False
Is 387648787 a prime number?
False
Is 640080701 prime?
False
Is 1445259653 a composite number?
False
Is 49069935727 composite?
True
Is 14983841669 a prime number?
False
Is 3519106671 a composite number?
True
Is 89245669 prime?
False
Is 9729492629 a composite number?
False
Is 6168640103 a prime number?
False
Is 125041001437 a composite number?
True
Is 632261261 a prime number?
True
Is 65895892823 a prime number?
True
Is 1239466369 prime?
True
Is 4961445637 composite?
False
Is 124181355229 prime?
False
Is 364817641 prime?
False
Is 1274900369 a composite number?
False
Is 18396017749 a composite number?
True
Is 3418332691 prime?
True
Is 3278990159 composite?
False
Is 2166801101 composite?
False
Is 2887948997 a composite number?
True
Is 23192467273 a prime number?
False
Is 4400037137 composite?
False
Is 1965252293 a prime number?
False
Is 109368229 a prime number?
True
Is 20274105337 a prime number?
False
Is 91580399623 composite?
False
Is 290490917 composite?
True
Is 52431509807 a prime number?
True
Is 9314007371 composite?
False
Is 25598239 composite?
True
Is 325735785233 composite?
False
Is 1510607143 a prime number?
True
Is 8141725367 composite?
False
Is 51805852477 prime?
True
Is 7716478193 a prime number?
True
Is 342721793 a composite number?
True
Is 401478871 a composite number?
True
Is 3881221739 a prime number?
True
Is 8444519893 a composite number?
False
Is 4921513771 prime?
True
Is 3462178831 composite?
False
Is 229348807346 a composite number?
True
Is 853691173 a composite number?
False
Is 594667937 a composite number?
False
Is 1672166467 a composite number?
False
Is 103871916289 a prime number?
True
Is 261583843 a prime number?
False
Is 68358389 composite?
True
Is 496264421 a composite number?
True
Is 129000761 composite?
False
Is 1383753799 composite?
False
Is 9958793609 composite?
True
Is 622243463 a composite number?
False
Is 564797777 a prime number?
False
Is 6933415789 a prime number?
True
Is 3493510253 a composite number?
False
Is 81439725671 a prime number?
True
Is 2357049103 a prime number?
True
Is 35719730539 a prime number?
True
Is 381095537 a prime number?
True
Is 1173873527 prime?
True
Is 57418182589 a composite number?
False
Is 13953123161 prime?
True
Is 42372796789 prime?
False
Is 10431051713 a prime number?
False
Is 72097879 prime?
False
Is 782264177 a composite number?
True
Is 6694921171 a prime number?
True
Is 16595655113 prime?
False
Is 5546060627 prime?
True
Is 20668155827 composite?
True
Is 912791663 composite?
True
Is 4808878699 prime?
False
Is 426442754 prime?
False
Is 5641591871 a prime number?
True
Is 3867631693 prime?
True
Is 1552890533 a prime number?
False
Is 11557631 prime?
False
Is 43789488965 a composite number?
True
Is 517736381 a composite number?
False
Is 103182728807 a composite number?
False
Is 135851717 a prime number?
False
Is 117506747 a prime number?
False
Is 194299961 prime?
False
Is 1283919137 a prime number?
True
Is 465056633 a composite number?
False
Is 7017751607 a composite number?
False
Is 840288731 prime?
True
Is 5234125861 a prime number?
True
Is 14085759689 prime?
True
Is 9771275617 a composite number?
True
Is 25189106263 a composite number?
False
Is 1518087931 composite?
False
Is 28232449877 a prime number?
True
Is 5040705289 a composite number?
False
Is 33968303 a prime number?
False
Is 971954014 a prime number?
False
Is 316563173 a prime number?
False
Is 136228934327 a prime number?
False
Is 520606417 a composite number?
False
Is 971999299 composite?
True
Is 734393053 a prime number?
True
Is 19045329977 a composite number?
True
Is 135943130981 a composite number?
True
Is 5963756957 a prime number?
True
Is 1956489317 a composite number?
False
Is 2274017287 composite?
False
Is 3582517097 composite?
False
Is 70300370141 a composite number?
False
Is 1225767434 a prime number?
False
Is 1332499309 composite?
True
Is 177268001 composite?
False
Is 4108793683 prime?
True
Is 27727029791 composite?
False
Is 221383997047 a composite number?
False
Is 2274966131 a composite number?
False
Is 13830779633 prime?
False
Is 185060121 a composite number?
True
Is 998041306 a prime number?
False
Is 69620745599 a composite number?
False
Is 2800404757 a composite number?
True
Is 2725265113 a composite number?
True
Is 2193670819 a composite number?
False
Is 4110291851 a prime number?
True
Is 76204093001 prime?
True
Is 148534233307 composite?
False
Is 518810977 a prime number?
False
Is 819142063 prime?
True
Is 106401346901 composite?
True
Is 15281544497 composite?
False
Is 1580547797 prime?
True
Is 1235049613 prime?
False
Is 1400710187 prime?
False
Is 333981343 a prime number?
True
Is 119782577 prime?
False
Is 20966513081 a prime number?
False
Is 1831341917 prime?
False
Is 8046508453 prime?
False
Is 7427660803 prime?
False
Is 194358850891 a composite number?
False
Is 1152160763 composite?
True
Is 31711829979 a prime number?
False
Is 13967724629 a composite number?
True
Is 3277140281 a prime number?
True
Is 43774251205 prime?
False
Is 1510258951 composite?
False
Is 100271910853 composite?
True
Is 6226197809 a composite number?
True
Is 3613837681 composite?
True
Is 26173820983 a composite number?
True
Is 3727263767 prime?
True
Is 20399395253 a prime number?
True